
24371
What are the prime factors of 78628?
2, 11, 1787
List the prime factors of 43313.
43313
What are the prime factors of 2663?
2663
List the prime factors of 15027.
3, 5009
List the prime factors of 33501.
3, 13, 859
List the prime factors of 1705.
5, 11, 31
What are the prime factors of 12695?
5, 2539
What are the prime factors of 31742?
2, 59, 269
List the prime factors of 657.
3, 73
List the prime factors of 814.
2, 11, 37
List the prime factors of 2160.
2, 3, 5
What are the prime factors of 30474?
2, 3, 1693
What are the prime factors of 4988?
2, 29, 43
List the prime factors of 1313.
13, 101
List the prime factors of 27394.
2, 13697
List the prime factors of 2843.
2843
List the prime factors of 31457.
83, 379
List the prime factors of 9160.
2, 5, 229
List the prime factors of 17.
17
List the prime factors of 11998.
2, 7, 857
List the prime factors of 39188.
2, 97, 101
List the prime factors of 361.
19
What are the prime factors of 74777?
37, 43, 47
List the prime factors of 8305.
5, 11, 151
What are the prime factors of 20511?
3, 43, 53
What are the prime factors of 9840?
2, 3, 5, 41
What are the prime factors of 58049?
58049
List the prime factors of 8663.
8663
List the prime factors of 612.
2, 3, 17
What are the prime factors of 2928?
2, 3, 61
List the prime factors of 10828.
2, 2707
What are the prime factors of 46449?
3, 13, 397
List the prime factors of 7366.
2, 29, 127
List the prime factors of 1962.
2, 3, 109
List the prime factors of 97542.
2, 3, 5419
What are the prime factors of 37170?
2, 3, 5, 7, 59
List the prime factors of 59186.
2, 101, 293
List the prime factors of 1490.
2, 5, 149
List the prime factors of 5455.
5, 1091
What are the prime factors of 157478?
2, 71, 1109
What are the prime factors of 988?
2, 13, 19
What are the prime factors of 15092?
2, 7, 11
What are the prime factors of 7429?
17, 19, 23
What are the prime factors of 26019?
3, 7, 59
List the prime factors of 16681.
7, 2383
What are the prime factors of 21010?
2, 5, 11, 191
What are the prime factors of 17966?
2, 13, 691
List the prime factors of 4486.
2, 2243
What are the prime factors of 3146?
2, 11, 13
List the prime factors of 1529.
11, 139
What are the prime factors of 140954?
2, 11, 43, 149
What are the prime factors of 9533?
9533
List the prime factors of 3766.
2, 7, 269
List the prime factors of 29163.
3, 9721
What are the prime factors of 7685?
5, 29, 53
List the prime factors of 3481.
59
What are the prime factors of 2941?
17, 173
List the prime factors of 65549.
11, 59, 101
What are the prime factors of 4344?
2, 3, 181
What are the prime factors of 76882?
2, 13, 2957
What are the prime factors of 5033?
7, 719
List the prime factors of 4924.
2, 1231
What are the prime factors of 23966?
2, 23, 521
List the prime factors of 31857.
3, 7, 37, 41
What are the prime factors of 410?
2, 5, 41
What are the prime factors of 519?
3, 173
What are the prime factors of 19250?
2, 5, 7, 11
List the prime factors of 1923.
3, 641
What are the prime factors of 13390?
2, 5, 13, 103
What are the prime factors of 11206?
2, 13, 431
What are the prime factors of 1493?
1493
What are the prime factors of 4346?
2, 41, 53
List the prime factors of 16575.
3, 5, 13, 17
List the prime factors of 22304.
2, 17, 41
List the prime factors of 1075.
5, 43
What are the prime factors of 36567?
3, 17, 239
What are the prime factors of 2351?
2351
What are the prime factors of 50530?
2, 5, 31, 163
What are the prime factors of 8622?
2, 3, 479
What are the prime factors of 71389?
71389
List the prime factors of 3850.
2, 5, 7, 11
List the prime factors of 10289.
10289
What are the prime factors of 2679?
3, 19, 47
List the prime factors of 22881.
3, 29, 263
What are the prime factors of 18775?
5, 751
List the prime factors of 13.
13
List the prime factors of 6165.
3, 5, 137
List the prime factors of 31034.
2, 59, 263
List the prime factors of 578.
2, 17
List the prime factors of 4941.
3, 61
List the prime factors of 2936.
2, 367
List the prime factors of 3034.
2, 37, 41
List the prime factors of 15632.
2, 977
What are the prime factors of 2807?
7, 401
List the prime factors of 45326.
2, 131, 173
What are the prime factors of 11101?
17, 653
What are the prime factors of 6819?
3, 2273
List the prime factors of 611.
13, 47
List the prime factors of 2417.
2417
What are the prime factors of 48?
2, 3
What are the prime factors of 59?
59
List the prime factors of 11157.
3, 3719
What are the prime factors of 1827?
3, 7, 29
List the prime factors of 135402.
2, 3, 22567
What are the prime factors of 314?
2, 157
List the prime factors of 51677.
31, 1667
What are the prime factors of 8599?
8599
List the prime factors of 6128.
2, 383
What are the prime factors of 7251?
3, 2417
List the prime factors of 1520.
2, 5, 19
What are the prime factors of 44857?
31, 1447
List the prime factors of 431.
431
List the prime factors of 767.
13, 59
List the prime factors of 9106.
2, 29, 157
List the prime factors of 70043.
89, 787
What are the prime factors of 14112?
2, 3, 7
What are the prime factors of 114?
2, 3, 19
List the prime factors of 47706.
2, 3, 7951
What are the prime factors of 26934?
2, 3, 67
What are the prime factors of 138278?
2, 7, 17, 83
What are the prime factors of 102660?
2, 3, 5, 29, 59
List the prime factors of 46689.
3, 79, 197
List the prime factors of 67544.
2, 8443
What are the prime factors of 14052?
2, 3, 1171
List the prime factors of 914.
2, 457
List the prime factors of 5995.
5, 11, 109
List the prime factors of 210181.
101, 2081
List the prime factors of 2452.
2, 613
List the prime factors of 565.
5, 113
List the prime factors of 4495.
5, 29, 31
List the prime factors of 37397.
37397
List the prime factors of 13.
13
What are the prime factors of 2624?
2, 41
What are the prime factors of 38565?
3, 5, 857
List the prime factors of 69368.
2, 13, 23, 29
List the prime factors of 3309.
3, 1103
What are the prime factors of 27734?
2, 7, 283
List the prime factors of 2023.
7, 17
List the prime factors of 4100.
2, 5, 41
What are the prime factors of 1342?
2, 11, 61
List the prime factors of 24033.
3, 8011
List the prime factors of 41900.
2, 5, 419
What are the prime factors of 1427?
1427
What are the prime factors of 3?
3
List the prime factors of 3256.
2, 11, 37
What are the prime factors of 6694?
2, 3347
What are the prime factors of 386?
2, 193
List the prime factors of 28459.
149, 191
List the prime factors of 8041.
11, 17, 43
What are the prime factors of 350?
2, 5, 7
What are the prime factors of 1038?
2, 3, 173
List the prime factors of 8212.
2, 2053
List the prime factors of 840.
2, 3, 5, 7
What are the prime factors of 61556?
2, 11, 1399
What are the prime factors of 59798?
2, 29, 1031
What are the prime factors of 11240?
2, 5, 281
List the prime factors of 2008.
2, 251
List the prime factors of 4445.
5, 7, 127
What are the prime factors of 550?
2, 5, 11
List the prime factors of 5984.
2, 11, 17
List the prime factors of 67733.
67733
What are the prime factors of 7318?
2, 3659
List the prime factors of 17669.
17669
What are the prime factors of 8501?
8501
List the prime factors of 1219.
23, 53
List the prime factors of 1736.
2, 7, 31
What are the prime factors of 17933?
79, 227
What are the prime factors of 37078?
2, 18539
List the prime factors of 7721.
7, 1103
List the prime factors of 23601.
3, 7867
List the prime factors of 50221.
50221
List the prime factors of 478.
2, 239
List the prime factors of 10956.
2, 3, 11, 83
List the prime factors of 80280.
2, 3, 5, 223
List the prime factors of 1738.
2, 11, 79
What are the prime factors of 10290?
2, 3, 5, 7
List the prime factors of 5079.
3, 1693
List the prime factors of 13069.
7, 1867
What are the prime factors of 30018?
2, 3, 5003
What are the prime factors of 3429?
3, 127
List the prime factors of 10198.
2, 5099
What are the prime factors of 1602?
2, 3, 89
List the prime factors of 60768.
2, 3, 211
What are the prime factors of 30923?
17, 107
List the prime factors of 16394.
2, 7, 1171
List the prime factors of 20871.
3, 773
What are the prime factors of 51569?
7, 53, 139
What are the prime factors of 3034?
2, 37, 41
What are the prime factors of 15195?
3, 5, 1013
What are the prime factors of 2260?
2, 5, 113
List the prime